(u).
-18
Let k be 1/(-4) - 95/(-76). Let j(b) be the second derivative of 5*b + 0 + 0*b**3 + 1/2*b**2 + 1/6*b**4. Calculate j(k).
3
Let r = 208 + -219. Let k(v) = -3*v**2 - 47*v - 27. Let t(j) = -j**2 - 16*j - 9. Let g = -51 + 47. Let q(u) = g*k(u) + 11*t(u). Determine q(r).
-2
Let f(z) = 16*z - 4. Suppose -262 = 89*i + 33*i + 9*i. Give f(i).
-36
Let r(y) = 13*y - 31. Let l be r(6). Suppose 42 = -o + l. Let w(t) = t**2 - 7*t + 8. Give w(o).
-2
Let d(z) be the first derivative of -z**5/20 + z**4/2 - 2*z**3/3 + 3*z**2/2 - 271*z + 99. Let i(p) be the first derivative of d(p). What is i(5)?
8
Let w = -434 + 432. Let t(r) be the first derivative of r**3/3 - r**2 - 3*r - 10. What is t(w)?
5
Let r(s) = -s**3 + 4*s**2 + 52*s + 75. Let l be r(10). Let h(n) = n**2 + 3*n + 3. Determine h(l).
13
Let g(k) = 13*k**3 - 9*k**2 - k - 22. Let c(v) = 28*v**3 - 19*v**2 - 2*v - 48. Let y(i) = -6*c(i) + 13*g(i). Determine y(3).
-1
Let d(c) = -2*c**3 + 40*c - 3 + 0*c + 3*c + 0*c + 2*c**2 - 41*c. Give d(-2).
17
Let d(u) = -3*u - 8*u + 20*u - 19 - 8*u - 2*u. Calculate d(10).
-29
Let y(c) be the second derivative of -c**5/20 - c**4/2 - c**3/6 - 4*c**2 + c. Let j(s) = 11*s + 69. Let b be j(27). Let q be b/61*(1 - 0)/(-1). What is y(q)?
-2
Let x = 5448 - 5458. Let o(f) = -2*f**2 - 18*f + 9. Determine o(x).
-11
Let j(w) = -3 - 5 - 808*w + 9 + 747*w. Give j(1).
-60
Suppose -4 = j + 5*g, 0 = -5*j + 2*j + 5*g + 8. Let m(p) = -14*p - j - 17*p + 40*p - 10*p. Give m(-6).
5
Let t(z) = z**3 - 2*z**2 + z - 4. Let q = 46 - 44. Suppose -2*c - 3*f = 31 + 6, -4*c = q*f + 78. Let d be (-32)/c + 1 + (-10)/(-25). Determine t(d).
8
Let v(t) be the third derivative of t**6/120 + t**4/24 + t**3/6 + 21*t**2 - 7*t. Determine v(0).
1
Let q(u) = -19*u + 93. Let v = 44 - 39. Let o be q(v). Let l(s) = 4*s. Calculate l(o).
-8
Let z = 39685 - 39681. Let u(f) be the second derivative of 1/20*f**5 + 1/12*f**z - 50*f - 1/6*f**3 - f**2 + 0. What is u(-2)?
-4
Let n(g) = -g**3 - 2*g**2 + 26*g - 1. Suppose 0 = -15*t - 45, -6 - 27 = 4*a + 3*t. What is n(a)?
-13
Let i(j) be the first derivative of j**4/2 - 13*j**3 + 21*j**2/2 + 3*j + 7390. Calculate i(19).
41
Suppose 3*m + 9*z - 123 = 0, 25 + 22 = 3*z - 4. Let h(t) be the second derivative of t**3/3 + 13*t**2 + t. What is h(m)?
6
Suppose 0 = -4*r + 2*x + 4, -x = -4*r + 6. Let o(h) be the third derivative of 0 - 1/3*h**3 + 1/15*h**5 - 32*h**2 - 1/40*h**6 - 1/24*h**4 + 0*h. Calculate o(r).
-12
Let y(u) = u**2 + 3*u - 36. Let d = -9183 - -9175. What is y(d)?
4
Suppose 5*i = 3*r + 45, -5*r - 5*i - 170 + 55 = 0. Let j be (-2 - 0)*5*(-4)/r. Let b(g) = g - 1. Give b(j).
-3
Let k(l) be the first derivative of -l**4/2 + 2*l**3 - 3*l**2 + 3*l - 5097. Determine k(4).
-53
Let u(g) = -g - 19. Let j = -2731 - -2741. What is u(j)?
-29
Let y(m) = m - 6*m**2 + 0*m**2 - m**2 + m**3 + 3 + 1. Suppose 3*b - 4*b + 1 = -4*a, 3*b - 5*a - 10 = 0. Suppose 2*x = 4*j - 2, b*x - j - 17 = 2*x. Give y(x).
11
Let s(m) be the second derivative of -191*m + 0 - 9/2*m**2 + 1/6*m**3. Calculate s(10).
1
Let a(v) = 27*v**2 - 3. Let f(c) = -4*c**2 - 15*c - 7. Let j be f(-3). Give a(j).
105
Let w(j) = j + 1. Let b(z) = 9. Let r(t) = 10*t + 8. Let u be r(-5). Let k = -41 - u. Let g(q) = k*b(q) - 5*w(q). Give g(3).
-11
Suppose 31*j - 33*j - 19 = -3*z, 5*j = -5*z + 65. Let v(s) = -s + 23. What is v(z)?
14
Let i(g) = -16*g**2 + 16*g + 23. Let t(v) = -21*v**2 + 17*v + 21. Let o(c) = 4*i(c) - 3*t(c). Determine o(14).
15
Let s(i) be the first derivative of -i**3/3 + 9*i**2/2 - 9*i + 4. Suppose -2*t - 674 = 2*p, -5*t + 0*p = 4*p + 1690. Let z = t - -348. Give s(z).
9
Let j(s) = -2*s + 4*s**2 - 9*s**2 - 15*s**2 + 19*s**2 + 39. What is j(-7)?
4
Let p(r) be the second derivative of 9/2*r**2 + r**3 + 0 + 23*r. Let o = -55 + 49. Give p(o).
-27
Let f(n) = 17*n + 51. Let s(c) = c + 9. Let x(o) = -f(o) + 4*s(o). Give x(-2).
11
Let a(c) = 25*c - 151. Let j(z) = -9*z + 52. Let m(s) = 4*a(s) + 11*j(s). Give m(28).
-4
Let u(v) = 38 + 144*v - 70*v - 71*v - 111. What is u(28)?
11
Let f(s) = -s**2 - 1. Let y(c) = -2*c**2 + 17*c - 38. Let d(l) = -5*f(l) + y(l). Calculate d(-7).
-5
Let b(f) = -12 + f**2 - 6*f**2 + f**3 - 7*f**2 + 21*f. Suppose 459 = 5*m - n + 396, 0 = -5*m - 3*n + 11. Calculate b(m).
-2
Let p = -181 - -186. Let n(d) = 3*d + 0 - 7*d + p - 3. Calculate n(-2).
10
Let o(w) = -w**2 + 9*w + 15. Let l be -25*(-9)/(-45)*-2. Calculate o(l).
5
Let x(i) be the first derivative of -5*i**4/24 + 89*i**2 - 233. Let f(q) be the second derivative of x(q). Calculate f(-6).
30
Let u(o) = -39477*o + 78951*o - 39475*o - 3. Suppose 6*p - 11*p - 45 = 0. Determine u(p).
6
Let z(v) = -5*v - 3. Suppose 0 = q - 2*m - 13, -q + 16 = -15*m + 10*m. Give z(q).
-58
Let g be (-1411)/(-1245) + (16/15)/(-8). Let i(m) be the first derivative of 7*m**4/4 - m**3/3 + m - 2. Give i(g).
7
Let f be 0 + (120/35)/(15/70). Suppose 10 = 2*n - 4*s, 3*n - f = 2*s + 3. Let r(v) = 3 + v - 3 + 5. Determine r(n).
12
Let i(p) = 339 + 331 - 1004 + p**2 + 355 + 7*p. Give i(-5).
11
Let h(f) = -24*f + 25 - 28*f - 22*f + 78*f. Determine h(0).
25
Let z = 6787 + -6789. Let f(t) = -19*t + 7. What is f(z)?
45
Let s(g) = g**3 + 6*g**2 - 2*g + 2. Let w be ((-36)/45)/(2/20). Let z be 5 - 2/w*-44. Determine s(z).
14
Let a = -308 + 310. Let d(z) = 54 + 4*z + 4*z + z**a - 51. Let t(r) = 2*r + 1. Let b be t(-3). Calculate d(b).
-12
Let b = 8005 - 8001. Let n(d) = d**3 - 3*d**2 + 9*d. Calculate n(b).
52
Let t be (-2)/12 - (-183)/18. Suppose 9*d + 4 = t*d. Let u(a) = -4*a + d*a + 7*a - 3*a - 6. What is u(4)?
10
Let x(q) = -q**2 - 11*q - 16. Suppose -4*n + 8 = 2*g, 3*g + 2*n - 428 = -440. What is x(g)?
8
Let f = 2 - 3. Let h(a) be the first derivative of 11*a**4/4 - a**2/2 + 8980. Determine h(f).
-10
Suppose -5*z + 19 = 3*b, -77*b + 75*b = -2*z - 2. Let h(k) be the second derivative of 0 + 1/6*k**4 - 2*k**2 + k - 1/2*k**3. Give h(b).
5
Let w(z) = -7*z + 1. Let r(d) = -6*d + 1. Let o(k) = -6*r(k) + 5*w(k). Suppose -21*h - 1065 + 1128 = 0. Give o(h).
2
Let n(b) be the first derivative of -b**4/4 - 2*b**3/3 + b**2/2 - 63. Let m(z) = z - 3. Let o be m(1). Determine n(o).
-2
Let b be 5/15*-3*-5. Let p be 2 + 2 - 20/(-4). Suppose -5 = b*x + n + p, -10 = 5*x + 5*n. Let j(a) = -6*a - 2. Calculate j(x).
16
Let a(p) be the second derivative of -p**6/120 + p**5/12 + 5*p**4/24 + 4*p**3/3 + 205*p**2/2 - 8*p - 17. Let i(q) be the first derivative of a(q). Give i(6).
2
Let h(o) = 29*o - 19. Let x(j) = 11*j - 9. Let g(d) = -2*h(d) + 5*x(d). Let m(c) = 8 + 2 + 4*c - 2. Let b(k) = -3*g(k) - 2*m(k). Calculate b(-4).
1
Let i = 376 + -374. Let t(n) = -4*n**i - 95*n - 105*n + n**3 + 196*n. What is t(5)?
5
Suppose 91 = 3*q + 2*z, 0*z = 5*q - 5*z - 135. Let u be (3 - 0)/(32 - q). Let b(j) = -1 + 0*j**3 + 2 - 2*j**3 - 2*j. Determine b(u).
-3
Let n(q) = 178 + 4*q + 113 - 161. Calculate n(-31).
6
Let t(l) = -12*l**3 - 92*l**2 - 3*l - 3. Let p(y) = 7*y**3 + 53*y**2 + 2*y + 2. Let o(g) = -5*p(g) - 3*t(g). Determine o(-11).
10
Let l(w) be the second derivative of 0 + 3/2*w**2 - 1/3*w**3 + 6*w. Give l(-3).
9
Let a(z) = -15*z + 17*z + 5*z - 5 - 5. Determine a(-5).
-45
Let v(y) be the first derivative of -47*y**2/2 - 138*y + 10101. Determine v(-3).
3
Let p(r) = -r - 8. Let g = 207 + -197. Suppose 11*b = 16*b - g, 0 = 2*x + b + 6. Determine p(x).
-4
Let s = 18 - 10. Suppose -4*g = 2*b - 16, g = 3*b - 0 - 24. Let x(o) = -b*o + 1 + 5*o + s*o. Calculate x(3).
16
Let t(d) = -449*d - 16. Let r(p) = 270*p + 9. Let q(m) = -5*r(m) - 3*t(m). Let y = -2 + 5. Give q(y).
-6
Let q(h) = h - 4. Let x = -104 + 43. Let i = 70 + x. Calculate q(i).
5
Let c(t) = t - 1. Let n be 7 + (-1)/1*(2 - (8 + -15)). Let v(d) be the third derivative of d**4/24 + d**2. Let q(x) = n*v(x) + c(x). Calculate q(0).
-1
Let n(h) be the first derivative of 0*h**2 - 3 + 3*h**2 + 0. Let v = 2679 + -2680. Calculate n(v).
-6
Let d be -2 + 0 + 0 + -4. Let u(c) = c + 3. Let m be u(d). Let a(f) = 4*f - 7311 - 7151 + 14463 + 2*f**2. What is a(m)?
7
Let a(i) be the first derivative of -i**3 + 27*i**2/2 - 3*i - 3229. What is a(9)?
-3
Let z(g) = g**3 - 5*g**2 + 15. Suppose -175 + 163 = -3*x. What is z(x)?
-1
Let q(a) be the second derivative of a**3 - 3*a**2/2 + a + 788. Let s(t) = 7*t - 4. Let h be (1 + -1 + 1)*4. Let r(x) = h*q(x) - 3*s(x). Determine r(1